[INFO] cloning repository https://github.com/udzura/copenclose
[INFO] running `Command { std: "git" "-c" "credential.helper=" "-c" "credential.helper=/workspace/cargo-home/bin/git-credential-null" "clone" "--bare" "https://github.com/udzura/copenclose" "/workspace/cache/git-repos/https%3A%2F%2Fgithub.com%2Fudzura%2Fcopenclose", kill_on_drop: false }`
[INFO] [stderr] Cloning into bare repository '/workspace/cache/git-repos/https%3A%2F%2Fgithub.com%2Fudzura%2Fcopenclose'...
[INFO] running `Command { std: "git" "rev-parse" "HEAD", kill_on_drop: false }`
[INFO] [stdout] 68eede0d5bd5d6c0725e31830ecccd17c91663e5
[INFO] building udzura/copenclose against master#881c1ac408d93bb7adaa3a51dabab9266e82eee8 for issue-85264
[INFO] running `Command { std: "git" "clone" "/workspace/cache/git-repos/https%3A%2F%2Fgithub.com%2Fudzura%2Fcopenclose" "/workspace/builds/worker-6/source", kill_on_drop: false }`
[INFO] [stderr] Cloning into '/workspace/builds/worker-6/source'...
[INFO] [stderr] done.
[INFO] validating manifest of git repo https://github.com/udzura/copenclose on toolchain 881c1ac408d93bb7adaa3a51dabab9266e82eee8
[INFO] running `Command { std: "/workspace/cargo-home/bin/cargo" "+881c1ac408d93bb7adaa3a51dabab9266e82eee8" "metadata" "--manifest-path" "Cargo.toml" "--no-deps", kill_on_drop: false }`
[INFO] started tweaking git repo https://github.com/udzura/copenclose
[INFO] finished tweaking git repo https://github.com/udzura/copenclose
[INFO] tweaked toml for git repo https://github.com/udzura/copenclose written to /workspace/builds/worker-6/source/Cargo.toml
[INFO] crate git repo https://github.com/udzura/copenclose already has a lockfile, it will not be regenerated
[INFO] running `Command { std: "/workspace/cargo-home/bin/cargo" "+881c1ac408d93bb7adaa3a51dabab9266e82eee8" "fetch" "--manifest-path" "Cargo.toml", kill_on_drop: false }`
[INFO] [stderr]  Downloading crates ...
[INFO] [stderr]   Downloaded vsprintf v1.0.3
[INFO] [stderr]   Downloaded ctrlc v3.1.7
[INFO] [stderr]   Downloaded libbpf-rs v0.6.2
[INFO] [stderr]   Downloaded libbpf-sys v0.2.0-3
[INFO] [stderr]   Downloaded derivative v2.1.3
[INFO] running `Command { std: "docker" "create" "-v" "/var/lib/crater-agent-workspace/builds/worker-6/target:/opt/rustwide/target:rw,Z" "-v" "/var/lib/crater-agent-workspace/builds/worker-6/source:/opt/rustwide/workdir:ro,Z" "-v" "/var/lib/crater-agent-workspace/cargo-home:/opt/rustwide/cargo-home:ro,Z" "-v" "/var/lib/crater-agent-workspace/rustup-home:/opt/rustwide/rustup-home:ro,Z" "-e" "SOURCE_DIR=/opt/rustwide/workdir" "-e" "CARGO_TARGET_DIR=/opt/rustwide/target" "-e" "CARGO_HOME=/opt/rustwide/cargo-home" "-e" "RUSTUP_HOME=/opt/rustwide/rustup-home" "-w" "/opt/rustwide/workdir" "-m" "1610612736" "--user" "0:0" "--network" "none" "ghcr.io/rust-lang/crates-build-env/linux@sha256:20528e8c29e4536546f0102ce88568b16ea7538393a33fcca951030f7af10457" "/opt/rustwide/cargo-home/bin/cargo" "+881c1ac408d93bb7adaa3a51dabab9266e82eee8" "metadata" "--no-deps" "--format-version=1", kill_on_drop: false }`
[INFO] [stdout] 1a8063f1e094c99b0f15fde4fb73832ccd5541b37413c442adea58b71fdefe7e
[INFO] [stderr] WARNING: Your kernel does not support swap limit capabilities or the cgroup is not mounted. Memory limited without swap.
[INFO] running `Command { std: "docker" "start" "-a" "1a8063f1e094c99b0f15fde4fb73832ccd5541b37413c442adea58b71fdefe7e", kill_on_drop: false }`
[INFO] running `Command { std: "docker" "inspect" "1a8063f1e094c99b0f15fde4fb73832ccd5541b37413c442adea58b71fdefe7e", kill_on_drop: false }`
[INFO] running `Command { std: "docker" "rm" "-f" "1a8063f1e094c99b0f15fde4fb73832ccd5541b37413c442adea58b71fdefe7e", kill_on_drop: false }`
[INFO] [stdout] 1a8063f1e094c99b0f15fde4fb73832ccd5541b37413c442adea58b71fdefe7e
[INFO] running `Command { std: "docker" "create" "-v" "/var/lib/crater-agent-workspace/builds/worker-6/target:/opt/rustwide/target:rw,Z" "-v" "/var/lib/crater-agent-workspace/builds/worker-6/source:/opt/rustwide/workdir:ro,Z" "-v" "/var/lib/crater-agent-workspace/cargo-home:/opt/rustwide/cargo-home:ro,Z" "-v" "/var/lib/crater-agent-workspace/rustup-home:/opt/rustwide/rustup-home:ro,Z" "-e" "SOURCE_DIR=/opt/rustwide/workdir" "-e" "CARGO_TARGET_DIR=/opt/rustwide/target" "-e" "CARGO_INCREMENTAL=0" "-e" "RUST_BACKTRACE=full" "-e" "RUSTFLAGS=--cap-lints=forbid" "-e" "CARGO_HOME=/opt/rustwide/cargo-home" "-e" "RUSTUP_HOME=/opt/rustwide/rustup-home" "-w" "/opt/rustwide/workdir" "-m" "1610612736" "--user" "0:0" "--network" "none" "ghcr.io/rust-lang/crates-build-env/linux@sha256:20528e8c29e4536546f0102ce88568b16ea7538393a33fcca951030f7af10457" "/opt/rustwide/cargo-home/bin/cargo" "+881c1ac408d93bb7adaa3a51dabab9266e82eee8" "build" "--frozen" "--message-format=json", kill_on_drop: false }`
[INFO] [stdout] 9fb83125fc37e585b6db96096789995fb626764c6acce0bf88301accb6f1dafd
[INFO] [stderr] WARNING: Your kernel does not support swap limit capabilities or the cgroup is not mounted. Memory limited without swap.
[INFO] running `Command { std: "docker" "start" "-a" "9fb83125fc37e585b6db96096789995fb626764c6acce0bf88301accb6f1dafd", kill_on_drop: false }`
[INFO] [stderr]    Compiling libc v0.2.82
[INFO] [stderr]    Compiling syn v1.0.58
[INFO] [stderr]    Compiling bitflags v1.2.1
[INFO] [stderr]    Compiling serde v1.0.120
[INFO] [stderr]    Compiling gcc v0.3.55
[INFO] [stderr]    Compiling unicode-width v0.1.8
[INFO] [stderr]    Compiling nix v0.18.0
[INFO] [stderr]    Compiling anyhow v1.0.38
[INFO] [stderr]    Compiling plain v0.2.3
[INFO] [stderr]    Compiling proc-macro-error-attr v1.0.4
[INFO] [stderr]    Compiling num-traits v0.2.14
[INFO] [stderr]    Compiling proc-macro-error v1.0.4
[INFO] [stderr]    Compiling libbpf-sys v0.2.0-3
[INFO] [stderr]    Compiling textwrap v0.11.0
[INFO] [stderr]    Compiling vsprintf v1.0.3
[INFO] [stderr]    Compiling num-integer v0.1.44
[INFO] [stderr]    Compiling atty v0.2.14
[INFO] [stderr]    Compiling time v0.1.44
[INFO] [stderr]    Compiling nix v0.17.0
[INFO] [stderr]    Compiling clap v2.33.3
[INFO] [stderr]    Compiling chrono v0.4.19
[INFO] [stderr]    Compiling toml v0.5.8
[INFO] [stderr]    Compiling proc-macro-crate v0.1.5
[INFO] [stderr]    Compiling ctrlc v3.1.7
[INFO] [stderr]    Compiling num_enum_derive v0.5.1
[INFO] [stderr]    Compiling thiserror-impl v1.0.23
[INFO] [stderr]    Compiling derivative v2.1.3
[INFO] [stderr]    Compiling strum_macros v0.18.0
[INFO] [stderr]    Compiling structopt-derive v0.4.14
[INFO] [stderr]    Compiling thiserror v1.0.23
[INFO] [stderr]    Compiling structopt v0.3.21
[INFO] [stderr]    Compiling num_enum v0.5.1
[INFO] [stderr]    Compiling libbpf-rs v0.6.2
[INFO] [stderr]    Compiling copenclose v0.2.1 (/opt/rustwide/workdir)
[INFO] [stdout] error[E0583]: file not found for module `bpf`
[INFO] [stdout]   --> src/main.rs:13:1
[INFO] [stdout]    |
[INFO] [stdout] 13 | mod bpf;
[INFO] [stdout]    | ^^^^^^^^
[INFO] [stdout]    |
[INFO] [stdout]    = help: to create the module `bpf`, create file "src/bpf.rs" or "src/bpf/mod.rs"
[INFO] [stdout] 
[INFO] [stdout] 
[INFO] [stdout] error[E0433]: failed to resolve: use of undeclared type `CopencloseSkelBuilder`
[INFO] [stdout]    --> src/main.rs:135:51
[INFO] [stdout]     |
[INFO] [stdout] 135 |     let mut skel_builder: CopencloseSkelBuilder = CopencloseSkelBuilder::default();
[INFO] [stdout]     |                                                   ^^^^^^^^^^^^^^^^^^^^^ use of undeclared type `CopencloseSkelBuilder`
[INFO] [stdout] 
[INFO] [stdout] 
[INFO] [stdout] error[E0412]: cannot find type `CopencloseSkelBuilder` in this scope
[INFO] [stdout]    --> src/main.rs:135:27
[INFO] [stdout]     |
[INFO] [stdout] 135 |     let mut skel_builder: CopencloseSkelBuilder = CopencloseSkelBuilder::default();
[INFO] [stdout]     |                           ^^^^^^^^^^^^^^^^^^^^^ not found in this scope
[INFO] [stdout] 
[INFO] [stdout] 
[INFO] [stdout] error[E0412]: cannot find type `OpenCopencloseSkel` in this scope
[INFO] [stdout]    --> src/main.rs:136:24
[INFO] [stdout]     |
[INFO] [stdout] 136 |     let mut open_skel: OpenCopencloseSkel = skel_builder.open()?;
[INFO] [stdout]     |                        ^^^^^^^^^^^^^^^^^^ not found in this scope
[INFO] [stdout] 
[INFO] [stdout] 
[INFO] [stdout] warning: unused import: `bpf::*`
[INFO] [stdout]   --> src/main.rs:14:5
[INFO] [stdout]    |
[INFO] [stdout] 14 | use bpf::*;
[INFO] [stdout]    |     ^^^^^^
[INFO] [stdout]    |
[INFO] [stdout]    = note: `#[warn(unused_imports)]` on by default
[INFO] [stdout] 
[INFO] [stdout] 
[INFO] [stdout] error: aborting due to 4 previous errors; 1 warning emitted
[INFO] [stdout] 
[INFO] [stdout] 
[INFO] [stdout] Some errors have detailed explanations: E0412, E0433, E0583.
[INFO] [stdout] 
[INFO] [stdout] For more information about an error, try `rustc --explain E0412`.
[INFO] [stdout] 
[INFO] [stderr] error: could not compile `copenclose`
[INFO] [stderr] 
[INFO] [stderr] To learn more, run the command again with --verbose.
[INFO] running `Command { std: "docker" "inspect" "9fb83125fc37e585b6db96096789995fb626764c6acce0bf88301accb6f1dafd", kill_on_drop: false }`
[INFO] running `Command { std: "docker" "rm" "-f" "9fb83125fc37e585b6db96096789995fb626764c6acce0bf88301accb6f1dafd", kill_on_drop: false }`
[INFO] [stdout] 9fb83125fc37e585b6db96096789995fb626764c6acce0bf88301accb6f1dafd
